 be s(-4). Suppose v = j*v + 30. What is the units digit of (2/(-4))/(1/v)?
5
Let z be (-12*1)/3 - -58. Let x = z + -35. What is the tens digit of x?
1
Let i = -39 - -42. What is the units digit of i?
3
Suppose -4*w = -17 - 19. Let n = 15 - w. What is the units digit of n?
6
Let x(c) = -c**3 - 6*c**2 - 7*c - 5. Let q be x(-5). Suppose 0*j + q = 5*j. Suppose -3*t = -2*t - j. What is the units digit of t?
1
Let r = 0 - 2. Let o be (-1)/2*(r + -2). Suppose 0*m - 14 = -o*m. What is the units digit of m?
7
Let f = -139 - -242. What is the units digit of f?
3
Let t(a) = -6*a**3 + 2*a**2 - 1. Let g be t(-1). Let c = g - 3. What is the units digit of -6*(30/c)/(-3)?
5
Suppose -l = 0, 2*r + 4*l - 3 - 3 = 0. Suppose -4*i - 2*v + 12 = -i, -r*i - v + 15 = 0. What is the units digit of i/(-3) + 2 - -7?
7
Let q(g) = -g**3 + 8*g**2 - 3*g + 7. What is the units digit of q(6)?
1
Suppose 0 = 3*g - 5*p + 10, 2*g - 14 = -5*p - 4. Let d(s) = s**3 + 9. What is the units digit of d(g)?
9
Let z(a) be the third derivative of -a**6/120 - a**5/15 - a**4/6 + 4*a**2. What is the units digit of z(-3)?
3
Let n = -98 - -115. What is the tens digit of n?
1
Let q = 6 - 5. What is the units digit of 0 + (30/3 - q)?
9
Suppose -8 - 2 = -5*k. Let a be (-1)/(1/1 - k). Let v = 0 + a. What is the units digit of v?
1
What is the units digit of -17*((-2)/2 - 0)?
7
Let c(w) = -4*w - 4. Let m = -5 - 1. What is the tens digit of c(m)?
2
Let a(x) = -x**2 - x + 17. Let n be a(0). Suppose 4*z = 83 + n. Suppose 5*o = h + z, -5 = -5*o - 5*h + 20. What is the units digit of o?
5
Let k(f) = -23*f + 51. What is the units digit of k(-12)?
7
Let a = 31 + -5. What is the tens digit of a?
2
Let h(b) = b**2 + 2*b - 4. What is the units digit of h(-6)?
0
Let l = 42 - 110. Let z = 107 + l. Suppose -2*f = -z + 9. What is the units digit of f?
5
Let x be 2/(-2 + 1)*3. Let b = x - -14. What is the units digit of b?
8
Suppose 20 = 5*r - 35. Suppose r = -2*f + a + 34, 41 = 3*f + 5*a. What is the units digit of 1/(-4) - (-99)/f?
8
Let p(f) = -f**3 + 7*f**2 + f - 2. Suppose 3*v - 12 = 0, 3*q + 0*v - 29 = -2*v. What is the units digit of p(q)?
5
Let o = -3 + 3. Let m = o - -2. What is the tens digit of (-22)/(-2) + m + -2?
1
Let t(k) = 4*k**2 - 2*k + 1. Suppose 2*h + 2*n = -h + 4, 0 = -5*n - 5. What is the units digit of t(h)?
3
Let o(n) = n**3 + 13*n**2 + 9*n + 14. What is the tens digit of o(-12)?
5
Let w(f) be the third derivative of f**6/120 + f**5/20 - 5*f**4/24 - f**3/6 + f**2. What is the units digit of w(-4)?
3
Let z(v) = v**2 + 8*v + 11. Let i = -26 - -17. What is the units digit of z(i)?
0
Let b be 0 + 0 - (-7 + 5). Suppose -30 = -4*n - 3*m, 1 = -n - b*m - 3*m. What is the units digit of n?
9
Let d(s) = 2*s**3 - 3*s**2 + 5*s. What is the units digit of d(4)?
0
Let r be 4*(0 + 0 - -1). Suppose -2*b + 0 + 22 = r*i, -3*i = 0. What is the units digit of b?
1
Let z = -1 - -4. Suppose 2*b = -w - 12, 2*w - 1 = 3. What is the units digit of b*(-3)/z - 2?
5
Let k(s) = 0 - 1 - 7 + 2*s. Let g be k(6). Suppose -g*f = -f - 15. What is the units digit of f?
5
Let i = -35 - -17. Let d = -5 - i. What is the tens digit of d?
1
Let j = 4 + 0. What is the units digit of (1 + 1)/(1/j)?
8
Suppose 4*q - 2*q - 6 = 0. Let y(j) = -2*j**2 + 2*j + 2. Let x(w) = 5*w**2 - 3*w - 3. Let t(p) = q*x(p) + 5*y(p). What is the tens digit of t(-2)?
1
Suppose 0 = -y - 5*t + 2, -3*y + 6 = -4*t - 0*t. Let o be (1 + 0)/(y/70). Let d = -23 + o. What is the units digit of d?
2
Let y be 60/8*2/3. Suppose -k + y*a = -15, -4*k - 2*a = -6*k + 22. Let i = 16 - k. What is the units digit of i?
6
Let q = -8 - -16. Suppose o + 3 = q, -4*i - 3 = -3*o. Suppose -2*s - 5*a + 1 = 0, 5*a + 2 = -i. What is the units digit of s?
3
Let g(u) = -u**2 - 10*u - 10. Suppose 2*t = 5*w - 58, -4*w - 5*t = w - 30. Suppose 0 = -2*r - 8, 3*l - l - r = -w. What is the units digit of g(l)?
1
Let a(w) = -w**3 + 3*w**2 - w + 2. Let v be a(3). Let c = v - 5. What is the units digit of 4/(-12) - 32/c?
5
Suppose 4*m - 55 = 77. What is the tens digit of m?
3
Let s = 70 + -45. Let g = s - -11. What is the units digit of g/10 + (-4)/(-10)?
4
Let r(g) = g**3 - 2*g**2 + 1. Let a be r(4). Suppose 0*j + 3*j - 4*q - a = 0, -j - 2 = 3*q. What is the units digit of j?
7
What is the tens digit of (11 - (-8)/(-4)) + 3?
1
Let b = 805 + -559. What is the tens digit of b?
4
Let k(g) = -g**2 + 7*g - 1. Let d be k(6). Let v(q) = 2*q - 2. What is the units digit of v(d)?
8
Suppose 570 = -r + 6*r - 2*l, 5*r + l - 555 = 0. What is the tens digit of r?
1
Suppose -7*n + 297 + 403 = 0. What is the hundreds digit of n?
1
Let j(q) = 2*q**3 - 5*q**2 - 3*q - 16. What is the tens digit of j(7)?
0
Suppose 111 = a - 23. What is the units digit of a?
4
Suppose -7*o + 295 + 62 = 0. What is the tens digit of o?
5
Let q(t) = -t**3 + 3*t**2 + 5*t - 1. Let r be q(4). Suppose 0 = -3*b + r*l, -b + 3*l - 8*l + 18 = 0. What is the units digit of b?
3
Let k(s) = -s + 25. Let g be k(11). Suppose 34 = -3*n - p, g = -3*n + p - 12. What is the units digit of ((-2)/(-4))/((-1)/n)?
5
Let z(b) = 3 - 4*b + 3*b + 7 + b**2. What is the tens digit of z(0)?
1
Let b = 42 + -35. What is the units digit of b?
7
What is the tens digit of 3/15 + 520/25?
2
Let z(y) be the third derivative of y**6/120 + y**5/5 + 3*y**4/8 + 4*y**3/3 + 4*y**2. What is the tens digit of z(-11)?
3
Let b(a) be the second derivative of -a**4/12 + 2*a**3/3 + 3*a**2 + a. What is the units digit of b(5)?
1
Suppose d = -0*d - 31. Let m = d - -51. What is the tens digit of m?
2
Let y(k) = -k**2 - k. Let x be y(-1). Suppose 4*o + 180 = 5*i - o, -92 = -2*i - 3*o. Suppose 5*c = -x + i. What is the units digit of c?
8
Suppose 6*y = 3*y + 6. Suppose y*n = -3*n + 50. What is the tens digit of n?
1
Let n(r) = -4*r - 6. Let s(a) = 2*a + 3. Let y(p) = -4*n(p) - 9*s(p). Suppose 3*x + 7 = z, 10 = -2*x - 2*z - 8. What is the units digit of y(x)?
5
Let s = -2 - 0. What is the units digit of (-1 + (-1)/(-2))*s?
1
Let y(i) = -i + 3. Let t(c) = -2*c + 5. Let g(w) = -2*t(w) + 5*y(w). Let d be g(0). Suppose 0*j + 55 = d*j. What is the tens digit of j?
1
Suppose -15*t + 576 = -9*t. What is the units digit of t?
6
Suppose 3*g + 17 = 134. What is the tens digit of g?
3
Suppose 2*i - 3*i + 2*k + 4 = 0, 2*k = 0. Let h = 1 + -3. Let s = i - h. What is the units digit of s?
6
Suppose -2*z + 345 = k, 356 + 701 = 3*k - 5*z. What is the units digit of k?
9
Suppose 5 = -5*x + 30. Suppose -x*b = -2*w - 24, 0 = b - 0*w - w - 3. Suppose -r - r = -b. What is the units digit of r?
3
Suppose 4*v - 3*v = 29. Let p = -18 + v. What is the units digit of p?
1
Let v(f) = -3*f - 5. Let k be v(7). Let s = -16 - k. What is the units digit of s?
0
Let x be ((-2)/4)/(3/(-18)). Suppose 0 = a + 1 - 13. Suppose -3*o + 2*k + 22 = 0, o - 4*k - a = x*o. What is the units digit of o?
4
Let r = 1 - 0. Suppose -5*c + 19 = -r. Suppose 0 = c*s + 8 + 4, 2*o - 5*s - 29 = 0. What is the units digit of o?
7
Suppose -2*m = 5*o + 1, 0*m + 9 = 5*m + o. What is the units digit of m/4 - 30/(-4)?
8
Suppose 4*i = y + 25, 3*i - y - 11 - 8 = 0. Suppose -2*w + i*j + 30 = 2*j, 16 = 2*w + 3*j. What is the units digit of w?
1
Suppose c + 137 = -w + 47, -w - 430 = 5*c. What is the units digit of 2/(c/29 + 3)?
9
Let x(r) be the first derivative of -r**2/2 + 2. Let u be x(-5). Suppose -2*p + u*c = -15, 2*p + 3*c + 28 = 7*p. What is the units digit of p?
5
Let y(n) = -17*n + 1. Let z(c) = 8*c. Let u(p) = -3*y(p) - 7*z(p). What is the units digit of u(-2)?
7
Let l = -1 - -4. Let j(g) = 0*g + 2*g - l - g**2 + 2 + 3*g**3. What is the units digit of j(1)?
3
Suppose 7*h - 3*h + 12 = 0. Let d = h - -17. What is the units digit of d?
4
Let i = -1 + 4. Suppose -15 + 51 = i*n. What is the units digit of n?
2
Let m = 2 - -2. Suppose 5*c - c - m = 0. What is the units digit of c?
1
Let f(o) = 0*o - 9 - 6*o + 5*o. What is the units digit of f(-11)?
2
Suppose -479 = -3*n - 2*m, -n + 3*m - 29 = -185. What is the units digit of n?
9
Suppose 42 = -0*g + 2*g. What is the units digit of g?
1
Let b(j) = -j**3 - j**2 + 7. Let m be b(0). Let k be (-3)/15 - (-86)/5. Suppose -3*z + m = -k. What is the units digit of z?
8
Suppose x - 45 = f + 23, 0 = -4*f + 8. What is the units digit of x?
0
Suppose -4*y = -3*g + 718, -2*g - 3*y = -7*g + 1193. What is the un